{"id":13879,"date":"2017-05-31T16:45:54","date_gmt":"2017-05-31T16:45:54","guid":{"rendered":"http:\/\/produktkatalog.pink-es.de\/produkt\/in-ear-hoerer-fa-3e-fisher-amps"},"modified":"2023-02-27T16:41:04","modified_gmt":"2023-02-27T16:41:04","slug":"in-ear-hoerer-fa-3e-fisher-amps","status":"publish","type":"product","link":"https:\/\/www.pink-event-service.de\/Mietkatalog\/produkt\/in-ear-hoerer-fa-3e-fisher-amps","title":{"rendered":"IN EAR H\u00f6rer \/ FA-3E Fisher Amps"},"content":{"rendered":"<p>Dynamischer 2-Wege In Ear H\u00f6rer<\/p>\n<p>geeignet f\u00fcr professionelles InEar Monitoring mit hoher Durchsetzungskraft<br \/>\n2-Wege InEar-H\u00f6rer mit 3 Treibern: 2 Basswege, thomann 1 Mitten-\/Hochtonweg Au\u00dfenger\u00e4uschd\u00e4mpfung: ca. 20 dB<br \/>\nFrequenzbereich: 20 &#8211; 17.500 Hz<br \/>\nImpedanz: 17 Ohm<br \/>\nmax. Schalldruck: 114 db<br \/>\nknickfestes Anschlusskabel mit 800 N Zugbelastung<br \/>\ndruckvolles Klangbild mit sehr pr\u00e4ziser Mitten- und H\u00f6henwiedergabe<br \/>\nabnehmbares 121 cm Kabel mit gewinkeltem goldenem Miniklinkenstecker<br \/>\nFarbe: Transparent Grau<\/p>\n","protected":false},"excerpt":{"rendered":"<p>Mietpreis pro Tag (Folgetag -50%)<\/p>\n","protected":false},"featured_media":13470,"template":"","meta":[],"product_brand":[],"product_cat":[291,284],"product_tag":[],"class_list":{"0":"post-13879","1":"product","2":"type-product","3":"status-publish","4":"has-post-thumbnail","6":"product_cat-in-ear","7":"product_cat-ton","9":"first","10":"instock","11":"shipping-taxable","12":"purchasable","13":"product-type-simple"},"_links":{"self":[{"href":"https:\/\/www.pink-event-service.de\/Mietkatalog\/wp-json\/wp\/v2\/product\/13879","targetHints":{"allow":["GET"]}}],"collection":[{"href":"https:\/\/www.pink-event-service.de\/Mietkatalog\/wp-json\/wp\/v2\/product"}],"about":[{"href":"https:\/\/www.pink-event-service.de\/Mietkatalog\/wp-json\/wp\/v2\/types\/product"}],"wp:featuredmedia":[{"embeddable":true,"href":"https:\/\/www.pink-event-service.de\/Mietkatalog\/wp-json\/wp\/v2\/media\/13470"}],"wp:attachment":[{"href":"https:\/\/www.pink-event-service.de\/Mietkatalog\/wp-json\/wp\/v2\/media?parent=13879"}],"wp:term":[{"taxonomy":"product_brand","embeddable":true,"href":"https:\/\/www.pink-event-service.de\/Mietkatalog\/wp-json\/wp\/v2\/product_brand?post=13879"},{"taxonomy":"product_cat","embeddable":true,"href":"https:\/\/www.pink-event-service.de\/Mietkatalog\/wp-json\/wp\/v2\/product_cat?post=13879"},{"taxonomy":"product_tag","embeddable":true,"href":"https:\/\/www.pink-event-service.de\/Mietkatalog\/wp-json\/wp\/v2\/product_tag?post=13879"}],"curies":[{"name":"wp","href":"https:\/\/api.w.org\/{rel}","templated":true}]}}