{"id":13949,"date":"2017-05-31T16:46:19","date_gmt":"2017-05-31T16:46:19","guid":{"rendered":"http:\/\/produktkatalog.pink-es.de\/produkt\/sennheiser-e908"},"modified":"2023-04-26T12:29:00","modified_gmt":"2023-04-26T12:29:00","slug":"sennheiser-e908","status":"publish","type":"product","link":"https:\/\/www.pink-event-service.de\/Mietkatalog\/produkt\/sennheiser-e908","title":{"rendered":"Sennheiser e908"},"content":{"rendered":"<p>Kondensator Schwanenhalsmikrofon f\u00fcr Blasinstrumente<\/p>\n<p>Au\u00dfergew\u00f6hnlich lebendiger und klarer Klang, schnelle und flexible Montage.<\/p>\n<p>speziell f\u00fcr die Abnahme von Blasinstrumenten<br \/>\nMikrofon kann auch f\u00fcr EW-Funkanlagen verwendet werden<br \/>\nRichtcharakteristik: Niere<br \/>\n\u00dcbertragungsbereich: 40 &#8211; thomann 20.000 Hz<br \/>\nImpedanz: 100 Ohm<\/p>\n","protected":false},"excerpt":{"rendered":"<p>Kondensator Schwanenhalsmikrofon f\u00fcr Blasinstrumente Au\u00dfergew\u00f6hnlich lebendiger und klarer Klang, schnelle und flexible Montage. speziell f\u00fcr die Abnahme von Blasinstrumenten Mikrofon kann auch f\u00fcr EW-Funkanlagen verwendet werden Richtcharakteristik: Niere \u00dcbertragungsbereich: 40 &#8211; thomann 20.000 Hz Impedanz: 100 Ohm<\/p>\n","protected":false},"featured_media":13636,"template":"","meta":[],"product_brand":[],"product_cat":[294,284],"product_tag":[],"class_list":{"0":"post-13949","1":"product","2":"type-product","3":"status-publish","4":"has-post-thumbnail","6":"product_cat-mikrofonie","7":"product_cat-ton","9":"first","10":"instock","11":"shipping-taxable","12":"purchasable","13":"product-type-simple"},"_links":{"self":[{"href":"https:\/\/www.pink-event-service.de\/Mietkatalog\/wp-json\/wp\/v2\/product\/13949","targetHints":{"allow":["GET"]}}],"collection":[{"href":"https:\/\/www.pink-event-service.de\/Mietkatalog\/wp-json\/wp\/v2\/product"}],"about":[{"href":"https:\/\/www.pink-event-service.de\/Mietkatalog\/wp-json\/wp\/v2\/types\/product"}],"wp:featuredmedia":[{"embeddable":true,"href":"https:\/\/www.pink-event-service.de\/Mietkatalog\/wp-json\/wp\/v2\/media\/13636"}],"wp:attachment":[{"href":"https:\/\/www.pink-event-service.de\/Mietkatalog\/wp-json\/wp\/v2\/media?parent=13949"}],"wp:term":[{"taxonomy":"product_brand","embeddable":true,"href":"https:\/\/www.pink-event-service.de\/Mietkatalog\/wp-json\/wp\/v2\/product_brand?post=13949"},{"taxonomy":"product_cat","embeddable":true,"href":"https:\/\/www.pink-event-service.de\/Mietkatalog\/wp-json\/wp\/v2\/product_cat?post=13949"},{"taxonomy":"product_tag","embeddable":true,"href":"https:\/\/www.pink-event-service.de\/Mietkatalog\/wp-json\/wp\/v2\/product_tag?post=13949"}],"curies":[{"name":"wp","href":"https:\/\/api.w.org\/{rel}","templated":true}]}}