{"id":14078,"date":"2017-05-31T16:47:04","date_gmt":"2017-05-31T16:47:04","guid":{"rendered":"http:\/\/produktkatalog.pink-es.de\/produkt\/stufenlinse-arri-1kw"},"modified":"2023-08-24T14:56:42","modified_gmt":"2023-08-24T14:56:42","slug":"stufenlinse-arri-1kw","status":"publish","type":"product","link":"https:\/\/www.pink-event-service.de\/Mietkatalog\/produkt\/stufenlinse-arri-1kw","title":{"rendered":"Stufenlinse ARRI 1kW"},"content":{"rendered":"<p>Leistung: 1000 W<br \/>\nmanuell<br \/>\nFFR-Farbfilterrahmen<br \/>\nSpannung: 220 &#8211; 250 V<br \/>\nLinsendurchmesser: 175 mm<br \/>\nReflektor: sph\u00e4rischer Spiegel, hochglanz-eloxiert<br \/>\nG-22 Lampensockel<br \/>\n28 mm H\u00fclse f\u00fcr manuelle Versionen<br \/>\nSchutzart: IP-23<br \/>\nZertifizierungen NRTL-US-C, CE, T\u00dcV GS, CB,<br \/>\nGeh\u00e4usefarbe: Schwarz<br \/>\ninkl. 4-Fl\u00fcgel-Tor<\/p>\n","protected":false},"excerpt":{"rendered":"<p>Leistung: 1000 W manuell FFR-Farbfilterrahmen Spannung: 220 &#8211; 250 V Linsendurchmesser: 175 mm Reflektor: sph\u00e4rischer Spiegel, hochglanz-eloxiert G-22 Lampensockel 28 mm H\u00fclse f\u00fcr manuelle Versionen Schutzart: IP-23 Zertifizierungen NRTL-US-C, CE, T\u00dcV GS, CB, Geh\u00e4usefarbe: Schwarz inkl. 4-Fl\u00fcgel-Tor<\/p>\n","protected":false},"featured_media":13321,"template":"","meta":[],"product_brand":[],"product_cat":[298,297],"product_tag":[],"class_list":{"0":"post-14078","1":"product","2":"type-product","3":"status-publish","4":"has-post-thumbnail","6":"product_cat-konventionelle-scheinwerfer","7":"product_cat-licht","9":"first","10":"instock","11":"shipping-taxable","12":"purchasable","13":"product-type-simple"},"_links":{"self":[{"href":"https:\/\/www.pink-event-service.de\/Mietkatalog\/wp-json\/wp\/v2\/product\/14078","targetHints":{"allow":["GET"]}}],"collection":[{"href":"https:\/\/www.pink-event-service.de\/Mietkatalog\/wp-json\/wp\/v2\/product"}],"about":[{"href":"https:\/\/www.pink-event-service.de\/Mietkatalog\/wp-json\/wp\/v2\/types\/product"}],"wp:featuredmedia":[{"embeddable":true,"href":"https:\/\/www.pink-event-service.de\/Mietkatalog\/wp-json\/wp\/v2\/media\/13321"}],"wp:attachment":[{"href":"https:\/\/www.pink-event-service.de\/Mietkatalog\/wp-json\/wp\/v2\/media?parent=14078"}],"wp:term":[{"taxonomy":"product_brand","embeddable":true,"href":"https:\/\/www.pink-event-service.de\/Mietkatalog\/wp-json\/wp\/v2\/product_brand?post=14078"},{"taxonomy":"product_cat","embeddable":true,"href":"https:\/\/www.pink-event-service.de\/Mietkatalog\/wp-json\/wp\/v2\/product_cat?post=14078"},{"taxonomy":"product_tag","embeddable":true,"href":"https:\/\/www.pink-event-service.de\/Mietkatalog\/wp-json\/wp\/v2\/product_tag?post=14078"}],"curies":[{"name":"wp","href":"https:\/\/api.w.org\/{rel}","templated":true}]}}