{"id":14111,"date":"2017-05-31T16:47:17","date_gmt":"2017-05-31T16:47:17","guid":{"rendered":"http:\/\/produktkatalog.pink-es.de\/produkt\/clay-paky-alpha-spot-hpe-700"},"modified":"2023-08-24T13:06:38","modified_gmt":"2023-08-24T13:06:38","slug":"clay-paky-alpha-spot-hpe-700","status":"publish","type":"product","link":"https:\/\/www.pink-event-service.de\/Mietkatalog\/produkt\/clay-paky-alpha-spot-hpe-700","title":{"rendered":"Clay Paky Alpha Spot HPE 700"},"content":{"rendered":"<p>Aufgrund seiner effizienten Motoransteuerung sind \u00e4u\u00dferst schnelle Effektbewegungen m\u00f6glich. Die optimierte Optik und das Philips Fastfit 700MSR\/2, 700W Leuchtmittel sorgen f\u00fcr eine enorme Helligkeit.<\/p>\n<p>Dar\u00fcber hinaus bietet der Alpha Spot HPE 700 zahlreiche Features wie einen Zoom-Bereich von 14,7\u00b0 bis 35\u00b0, einen motorischen Fokus, eine Iris, zwei Gobor\u00e4der (eins mit rotierbaren Gobos), ein rotierbares Prisma, einen gleichm\u00e4\u00dfigen Dimmer 0\u0096100% in 16-Bit-Aufl\u00f6sung, ein CMY-Farbmischsystem, ein Farbrad mit acht dichroitischen Filtern, davon 2 CTO-Filter, und die gewohnt komfortable Bedienelektronik der Clay Paky Moving Lights.<\/p>\n<p>Per DMX l\u00e4sst sich die Lampenleistung auf 400W reduzieren. Gleichzeitig werden die L\u00fcfter in der Drehzahl reduziert, womit sich auch die Ger\u00e4uschentwicklung weiter verringern l\u00e4sst. Damit sind auch sehr ger\u00e4uschempfindliche Anwendungen f\u00fcr den Alpha Spot HPE 700 kein Problem.<\/p>\n","protected":false},"excerpt":{"rendered":"<p>Aufgrund seiner effizienten Motoransteuerung sind \u00e4u\u00dferst schnelle Effektbewegungen m\u00f6glich. Die optimierte Optik und das Philips Fastfit 700MSR\/2, 700W Leuchtmittel sorgen f\u00fcr eine enorme Helligkeit. Dar\u00fcber hinaus bietet der Alpha Spot HPE 700 zahlreiche Features wie einen Zoom-Bereich von 14,7\u00b0 bis 35\u00b0, einen motorischen Fokus, eine Iris, zwei Gobor\u00e4der (eins mit rotierbaren Gobos), ein rotierbares Prisma, [&hellip;]<\/p>\n","protected":false},"featured_media":13335,"template":"","meta":[],"product_brand":[],"product_cat":[297,324],"product_tag":[],"class_list":{"0":"post-14111","1":"product","2":"type-product","3":"status-publish","4":"has-post-thumbnail","6":"product_cat-licht","7":"product_cat-moving-lights-nebel","9":"first","10":"instock","11":"shipping-taxable","12":"purchasable","13":"product-type-simple"},"_links":{"self":[{"href":"https:\/\/www.pink-event-service.de\/Mietkatalog\/wp-json\/wp\/v2\/product\/14111","targetHints":{"allow":["GET"]}}],"collection":[{"href":"https:\/\/www.pink-event-service.de\/Mietkatalog\/wp-json\/wp\/v2\/product"}],"about":[{"href":"https:\/\/www.pink-event-service.de\/Mietkatalog\/wp-json\/wp\/v2\/types\/product"}],"wp:featuredmedia":[{"embeddable":true,"href":"https:\/\/www.pink-event-service.de\/Mietkatalog\/wp-json\/wp\/v2\/media\/13335"}],"wp:attachment":[{"href":"https:\/\/www.pink-event-service.de\/Mietkatalog\/wp-json\/wp\/v2\/media?parent=14111"}],"wp:term":[{"taxonomy":"product_brand","embeddable":true,"href":"https:\/\/www.pink-event-service.de\/Mietkatalog\/wp-json\/wp\/v2\/product_brand?post=14111"},{"taxonomy":"product_cat","embeddable":true,"href":"https:\/\/www.pink-event-service.de\/Mietkatalog\/wp-json\/wp\/v2\/product_cat?post=14111"},{"taxonomy":"product_tag","embeddable":true,"href":"https:\/\/www.pink-event-service.de\/Mietkatalog\/wp-json\/wp\/v2\/product_tag?post=14111"}],"curies":[{"name":"wp","href":"https:\/\/api.w.org\/{rel}","templated":true}]}}