{"id":14121,"date":"2017-05-31T16:47:21","date_gmt":"2017-05-31T16:47:21","guid":{"rendered":"http:\/\/produktkatalog.pink-es.de\/produkt\/ma-grandma2-light"},"modified":"2024-02-08T16:46:24","modified_gmt":"2024-02-08T16:46:24","slug":"ma-grandma2-light","status":"publish","type":"product","link":"https:\/\/www.pink-event-service.de\/Mietkatalog\/produkt\/ma-grandma2-light","title":{"rendered":"MA grandMA2 light"},"content":{"rendered":"<p>Die grandMA2 light verf\u00fcgt \u00fcber 4.096 Parameter, 15 Executor-Motorfader und zwei Touchscreens. Alle weiteren Features sowie Bedienelemente sind identisch mit der grandMA2 full-size. Die grandMA2 light ist das optimale Tool f\u00fcr die Steuerung von Wei\u00dflicht, Moving Lights, LEDs und Medienservern. Das Pult bietet eine intuitive und schnelle Steuerung aller Fixtures und Kan\u00e4le und kann eine nahezu unbegrenzte Zahl an Presets, Cues, Seiten, Sequenzen und Effekten verarbeiten. Es eignet sich hervorragend als Stand-alone-Pult oder Back-up-L\u00f6sung f\u00fcr die grandMA2 full-size. Dar\u00fcber hinaus ist das Pult vollst\u00e4ndig mit der &#8222;Serie 1&#8220;-kompatibel.<\/p>\n","protected":false},"excerpt":{"rendered":"<p>Die grandMA2 light verf\u00fcgt \u00fcber 4.096 Parameter, 15 Executor-Motorfader und zwei Touchscreens. Alle weiteren Features sowie Bedienelemente sind identisch mit der grandMA2 full-size. Die grandMA2 light ist das optimale Tool f\u00fcr die Steuerung von Wei\u00dflicht, Moving Lights, LEDs und Medienservern. Das Pult bietet eine intuitive und schnelle Steuerung aller Fixtures und Kan\u00e4le und kann eine [&hellip;]<\/p>\n","protected":false},"featured_media":13334,"template":"","meta":[],"product_brand":[],"product_cat":[297,301],"product_tag":[],"class_list":{"0":"post-14121","1":"product","2":"type-product","3":"status-publish","4":"has-post-thumbnail","6":"product_cat-licht","7":"product_cat-lichtpulte-dimmer","9":"first","10":"instock","11":"shipping-taxable","12":"purchasable","13":"product-type-simple"},"_links":{"self":[{"href":"https:\/\/www.pink-event-service.de\/Mietkatalog\/wp-json\/wp\/v2\/product\/14121","targetHints":{"allow":["GET"]}}],"collection":[{"href":"https:\/\/www.pink-event-service.de\/Mietkatalog\/wp-json\/wp\/v2\/product"}],"about":[{"href":"https:\/\/www.pink-event-service.de\/Mietkatalog\/wp-json\/wp\/v2\/types\/product"}],"wp:featuredmedia":[{"embeddable":true,"href":"https:\/\/www.pink-event-service.de\/Mietkatalog\/wp-json\/wp\/v2\/media\/13334"}],"wp:attachment":[{"href":"https:\/\/www.pink-event-service.de\/Mietkatalog\/wp-json\/wp\/v2\/media?parent=14121"}],"wp:term":[{"taxonomy":"product_brand","embeddable":true,"href":"https:\/\/www.pink-event-service.de\/Mietkatalog\/wp-json\/wp\/v2\/product_brand?post=14121"},{"taxonomy":"product_cat","embeddable":true,"href":"https:\/\/www.pink-event-service.de\/Mietkatalog\/wp-json\/wp\/v2\/product_cat?post=14121"},{"taxonomy":"product_tag","embeddable":true,"href":"https:\/\/www.pink-event-service.de\/Mietkatalog\/wp-json\/wp\/v2\/product_tag?post=14121"}],"curies":[{"name":"wp","href":"https:\/\/api.w.org\/{rel}","templated":true}]}}