{"id":14234,"date":"2017-05-31T16:48:03","date_gmt":"2017-05-31T16:48:03","guid":{"rendered":"http:\/\/produktkatalog.pink-es.de\/produkt\/playback-pro-ia-v2-lizenz"},"modified":"2023-08-02T10:11:13","modified_gmt":"2023-08-02T10:11:13","slug":"playback-pro-ia-v2-lizenz","status":"publish","type":"product","link":"https:\/\/www.pink-event-service.de\/Mietkatalog\/produkt\/playback-pro-ia-v2-lizenz","title":{"rendered":"Playback Pro IA V2 &#8211; Lizenz"},"content":{"rendered":"<p>PlaybackPro ist als mehr Functional Wiedereinbau f\u00fcr Kleinteile DDRs entworfen. Verwendet in den Phasenfall- und Sendungsindustrien, gibt es dem Operator beispiellose Steuerung und Flexibilit\u00e4t \u00fcber jedem einzelnen Clip, einschlie\u00dflich Geometrie, den Niveaus und verbl\u00e4\u00dft und schlingt. Akte gegr\u00fcndeter Fachmann Playback ist die Zukunft.<\/p>\n","protected":false},"excerpt":{"rendered":"<p>PlaybackPro ist als mehr Functional Wiedereinbau f\u00fcr Kleinteile DDRs entworfen. Verwendet in den Phasenfall- und Sendungsindustrien, gibt es dem Operator beispiellose Steuerung und Flexibilit\u00e4t \u00fcber jedem einzelnen Clip, einschlie\u00dflich Geometrie, den Niveaus und verbl\u00e4\u00dft und schlingt. Akte gegr\u00fcndeter Fachmann Playback ist die Zukunft.<\/p>\n","protected":false},"featured_media":13785,"template":"","meta":[],"product_brand":[],"product_cat":[326,308],"product_tag":[],"class_list":{"0":"post-14234","1":"product","2":"type-product","3":"status-publish","4":"has-post-thumbnail","6":"product_cat-regie-zubehoer","7":"product_cat-video","9":"first","10":"instock","11":"shipping-taxable","12":"purchasable","13":"product-type-simple"},"_links":{"self":[{"href":"https:\/\/www.pink-event-service.de\/Mietkatalog\/wp-json\/wp\/v2\/product\/14234","targetHints":{"allow":["GET"]}}],"collection":[{"href":"https:\/\/www.pink-event-service.de\/Mietkatalog\/wp-json\/wp\/v2\/product"}],"about":[{"href":"https:\/\/www.pink-event-service.de\/Mietkatalog\/wp-json\/wp\/v2\/types\/product"}],"wp:featuredmedia":[{"embeddable":true,"href":"https:\/\/www.pink-event-service.de\/Mietkatalog\/wp-json\/wp\/v2\/media\/13785"}],"wp:attachment":[{"href":"https:\/\/www.pink-event-service.de\/Mietkatalog\/wp-json\/wp\/v2\/media?parent=14234"}],"wp:term":[{"taxonomy":"product_brand","embeddable":true,"href":"https:\/\/www.pink-event-service.de\/Mietkatalog\/wp-json\/wp\/v2\/product_brand?post=14234"},{"taxonomy":"product_cat","embeddable":true,"href":"https:\/\/www.pink-event-service.de\/Mietkatalog\/wp-json\/wp\/v2\/product_cat?post=14234"},{"taxonomy":"product_tag","embeddable":true,"href":"https:\/\/www.pink-event-service.de\/Mietkatalog\/wp-json\/wp\/v2\/product_tag?post=14234"}],"curies":[{"name":"wp","href":"https:\/\/api.w.org\/{rel}","templated":true}]}}