{"id":14299,"date":"2017-05-31T16:48:27","date_gmt":"2017-05-31T16:48:27","guid":{"rendered":"http:\/\/produktkatalog.pink-es.de\/produkt\/buehnenfuesse-vario-80cm-135cm"},"modified":"2024-02-13T10:30:43","modified_gmt":"2024-02-13T10:30:43","slug":"buehnenfuesse-vario-80cm-135cm","status":"publish","type":"product","link":"https:\/\/www.pink-event-service.de\/Mietkatalog\/produkt\/buehnenfuesse-vario-80cm-135cm","title":{"rendered":"B\u00fchnenf\u00fc\u00dfe Vario 80cm &#8211; 135cm"},"content":{"rendered":"<p>B\u00fchnenf\u00fc\u00dfe Vario 80cm &#8211; 135cm<\/p>\n","protected":false},"excerpt":{"rendered":"<p>B\u00fchnenf\u00fc\u00dfe Vario 80cm &#8211; 135cm<\/p>\n","protected":false},"featured_media":13264,"template":"","meta":[],"product_brand":[],"product_cat":[315,317],"product_tag":[],"class_list":{"0":"post-14299","1":"product","2":"type-product","3":"status-publish","4":"has-post-thumbnail","6":"product_cat-buhne","7":"product_cat-podeste","9":"first","10":"instock","11":"shipping-taxable","12":"purchasable","13":"product-type-simple"},"_links":{"self":[{"href":"https:\/\/www.pink-event-service.de\/Mietkatalog\/wp-json\/wp\/v2\/product\/14299","targetHints":{"allow":["GET"]}}],"collection":[{"href":"https:\/\/www.pink-event-service.de\/Mietkatalog\/wp-json\/wp\/v2\/product"}],"about":[{"href":"https:\/\/www.pink-event-service.de\/Mietkatalog\/wp-json\/wp\/v2\/types\/product"}],"wp:featuredmedia":[{"embeddable":true,"href":"https:\/\/www.pink-event-service.de\/Mietkatalog\/wp-json\/wp\/v2\/media\/13264"}],"wp:attachment":[{"href":"https:\/\/www.pink-event-service.de\/Mietkatalog\/wp-json\/wp\/v2\/media?parent=14299"}],"wp:term":[{"taxonomy":"product_brand","embeddable":true,"href":"https:\/\/www.pink-event-service.de\/Mietkatalog\/wp-json\/wp\/v2\/product_brand?post=14299"},{"taxonomy":"product_cat","embeddable":true,"href":"https:\/\/www.pink-event-service.de\/Mietkatalog\/wp-json\/wp\/v2\/product_cat?post=14299"},{"taxonomy":"product_tag","embeddable":true,"href":"https:\/\/www.pink-event-service.de\/Mietkatalog\/wp-json\/wp\/v2\/product_tag?post=14299"}],"curies":[{"name":"wp","href":"https:\/\/api.w.org\/{rel}","templated":true}]}}

Bühnenfüße Vario 80cm &#8211; 135cm

<p>Bühnenfüße Vario 80cm &#8211; 135cm</p>
