{"id":14655,"date":"2019-03-04T16:47:53","date_gmt":"2019-03-04T16:47:53","guid":{"rendered":"http:\/\/pink-event-service.de\/Mietkatalog\/?post_type=product&#038;p=14655"},"modified":"2023-03-28T14:40:28","modified_gmt":"2023-03-28T14:40:28","slug":"barhocker-schwarz-chrom","status":"publish","type":"product","link":"https:\/\/www.pink-event-service.de\/Mietkatalog\/produkt\/barhocker-schwarz-chrom","title":{"rendered":"Barhocker schwarz\/chrom"},"content":{"rendered":"<p>Unsere schwarzen Barhocker \u00fcberzeugen in ihrem klassischen und schlichten Design, das sich an jede Veranstaltung anpasst. Das Gestell des Hockers besteht aus verchromtem Stahl, die Sitze aus geplstertem Leder und sorgen damit f\u00fcr guten Komfort. Dieser Hocker tr\u00e4gt zu einer entspannten Antmosph\u00e4re in elegantem Stil bei.<\/p>\n<p>&nbsp;<\/p>\n<p>&#8211; Gestell verchrohmt<\/p>\n<p>&#8211; Polster aus Formschaum mit Leder\u00fcberzug<\/p>\n<p>&#8211; 75 cm hoch<\/p>\n","protected":false},"excerpt":{"rendered":"<p>Unsere schwarzen Barhocker \u00fcberzeugen in ihrem klassischen und schlichten Design, das sich an jede Veranstaltung anpasst. Das Gestell des Hockers besteht aus verchromtem Stahl, die Sitze aus geplstertem Leder und sorgen damit f\u00fcr guten Komfort. Dieser Hocker tr\u00e4gt zu einer entspannten Antmosph\u00e4re in elegantem Stil bei. &nbsp; &#8211; Gestell verchrohmt &#8211; Polster aus Formschaum mit [&hellip;]<\/p>\n","protected":false},"featured_media":14681,"template":"","meta":[],"product_brand":[],"product_cat":[322,320],"product_tag":[],"class_list":{"0":"post-14655","1":"product","2":"type-product","3":"status-publish","4":"has-post-thumbnail","6":"product_cat-moebel","7":"product_cat-moebel-deko","9":"first","10":"outofstock","11":"shipping-taxable","12":"purchasable","13":"product-type-simple"},"_links":{"self":[{"href":"https:\/\/www.pink-event-service.de\/Mietkatalog\/wp-json\/wp\/v2\/product\/14655","targetHints":{"allow":["GET"]}}],"collection":[{"href":"https:\/\/www.pink-event-service.de\/Mietkatalog\/wp-json\/wp\/v2\/product"}],"about":[{"href":"https:\/\/www.pink-event-service.de\/Mietkatalog\/wp-json\/wp\/v2\/types\/product"}],"wp:featuredmedia":[{"embeddable":true,"href":"https:\/\/www.pink-event-service.de\/Mietkatalog\/wp-json\/wp\/v2\/media\/14681"}],"wp:attachment":[{"href":"https:\/\/www.pink-event-service.de\/Mietkatalog\/wp-json\/wp\/v2\/media?parent=14655"}],"wp:term":[{"taxonomy":"product_brand","embeddable":true,"href":"https:\/\/www.pink-event-service.de\/Mietkatalog\/wp-json\/wp\/v2\/product_brand?post=14655"},{"taxonomy":"product_cat","embeddable":true,"href":"https:\/\/www.pink-event-service.de\/Mietkatalog\/wp-json\/wp\/v2\/product_cat?post=14655"},{"taxonomy":"product_tag","embeddable":true,"href":"https:\/\/www.pink-event-service.de\/Mietkatalog\/wp-json\/wp\/v2\/product_tag?post=14655"}],"curies":[{"name":"wp","href":"https:\/\/api.w.org\/{rel}","templated":true}]}}