{"id":14882,"date":"2021-12-20T14:03:24","date_gmt":"2021-12-20T14:03:24","guid":{"rendered":"http:\/\/www.pink-event-service.de\/Mietkatalog\/?post_type=product&#038;p=14882"},"modified":"2023-03-01T13:13:29","modified_gmt":"2023-03-01T13:13:29","slug":"stuhl-james-weiss","status":"publish","type":"product","link":"https:\/\/www.pink-event-service.de\/Mietkatalog\/produkt\/stuhl-james-weiss","title":{"rendered":"Stuhl James wei\u00df"},"content":{"rendered":"<p>Dieser Stuhl verf\u00fcgt \u00fcber ein gleicherma\u00dfen ansehnliches wie filigranes Gestell aus Chrom, dessen Kreuzverstrebungen nicht nur die Stuhlbeine extravagant miteinander verbinden, sondern dem M\u00f6bel auch eine h\u00f6chstm\u00f6gliche Stabilit\u00e4t verleihen.<\/p>\n<p>Gestell: Chrom<\/p>\n<p>H\u00f6he: 46 cm<\/p>\n<p>Breite: 46 cm<\/p>\n<p>Belastbar bis 120 kg<\/p>\n","protected":false},"excerpt":{"rendered":"<p>Farbe: Wei\u00df<\/p>\n<p>Gestell: Chrom<\/p>\n<p>H\u00f6he: 46 cm<\/p>\n<p>Breite: 46 cm<\/p>\n<p>Belastbar bis 120 kg<\/p>\n","protected":false},"featured_media":14883,"template":"","meta":[],"product_brand":[],"product_cat":[322,320],"product_tag":[],"class_list":{"0":"post-14882","1":"product","2":"type-product","3":"status-publish","4":"has-post-thumbnail","6":"product_cat-moebel","7":"product_cat-moebel-deko","9":"first","10":"instock","11":"shipping-taxable","12":"purchasable","13":"product-type-simple"},"_links":{"self":[{"href":"https:\/\/www.pink-event-service.de\/Mietkatalog\/wp-json\/wp\/v2\/product\/14882","targetHints":{"allow":["GET"]}}],"collection":[{"href":"https:\/\/www.pink-event-service.de\/Mietkatalog\/wp-json\/wp\/v2\/product"}],"about":[{"href":"https:\/\/www.pink-event-service.de\/Mietkatalog\/wp-json\/wp\/v2\/types\/product"}],"wp:featuredmedia":[{"embeddable":true,"href":"https:\/\/www.pink-event-service.de\/Mietkatalog\/wp-json\/wp\/v2\/media\/14883"}],"wp:attachment":[{"href":"https:\/\/www.pink-event-service.de\/Mietkatalog\/wp-json\/wp\/v2\/media?parent=14882"}],"wp:term":[{"taxonomy":"product_brand","embeddable":true,"href":"https:\/\/www.pink-event-service.de\/Mietkatalog\/wp-json\/wp\/v2\/product_brand?post=14882"},{"taxonomy":"product_cat","embeddable":true,"href":"https:\/\/www.pink-event-service.de\/Mietkatalog\/wp-json\/wp\/v2\/product_cat?post=14882"},{"taxonomy":"product_tag","embeddable":true,"href":"https:\/\/www.pink-event-service.de\/Mietkatalog\/wp-json\/wp\/v2\/product_tag?post=14882"}],"curies":[{"name":"wp","href":"https:\/\/api.w.org\/{rel}","templated":true}]}}